191 is divided by k.
63
Let n = -79 - 81. Calculate the remainder when (n/12 - 6)/(4/(-6)) is divided by 15.
14
Let q = 40 + -79. Let a = -24 - q. Calculate the remainder when a is divided by 10.
5
Let y = -33 + 59. Suppose 3*r = -2*m + 42, 3*m - 89 = -5*r - y. What is the remainder when m is divided by 13?
8
Suppose 53 = -9*l + 350. Calculate the remainder when l is divided by 26.
7
Let i(p) = -19*p - 3. Let v(s) = -13*s - 2. Let l(f) = 5*i(f) - 7*v(f). Let x = 176 - 170. What is the remainder when l(-4) is divided by x?
3
Let a = 461 - 329. Calculate the remainder when a is divided by 19.
18
Let c(i) = i**3 + 9*i**2 - i + 6. Let v = 183 + -167. What is the remainder when c(-8) is divided by v?
14
Suppose h - 2*h = -4. What is the remainder when (-2653)/(-91) - h/26 is divided by (3/(-1))/(3/(-10))?
9
Let s(y) = -y + 12. Calculate the remainder when 102 is divided by s(-23).
32
Let v(i) be the first derivative of i**4/4 + 7*i**3/3 + 4*i**2 + 2*i + 1. Let p be v(-7). Let u = p + 111. Calculate the remainder when u is divided by 15.
12
Suppose 7 = 9*v - 20. Suppose v*n = 2*z + 20, 13 + 25 = 5*n - z. What is the remainder when 142 is divided by n?
6
Suppose -b - 585 = -4*z + 691, 20 = 5*b. Calculate the remainder when z is divided by 46.
44
Suppose 6*w - w - 40 = 0. Calculate the remainder when 61/(-9 + w + 2 + 0) is divided by 32.
29
Suppose -q + 16 = 2*c, 3*q + 5*c + 0 - 52 = 0. What is the remainder when 15/2*(-2 - (-102)/9) is divided by q?
22
Let t be 90/20*(-2 - -38). Suppose 4*r = t - 22. What is the remainder when r is divided by 19?
16
Suppose 3*v = -4*c + 35, -5*c + 4 + 21 = 0. Suppose -v*w + 4*j + 567 = 0, 774 = 5*w - 3*j + 205. Calculate the remainder when w is divided by 13.
11
Let z(g) = 2*g**2 - 13*g + 8. Let t be z(6). Suppose t*n = 7*n - 255. Calculate the remainder when n is divided by 11.
7
Suppose x - 2*w = 2*w + 22, 76 = 3*x - 2*w. Calculate the remainder when x is divided by 5*2/(2/3).
11
Let h be (-11)/((-11)/36) + -1. Suppose -t - 12 = -h. Calculate the remainder when 68 is divided by t.
22
Suppose -k = -7*k + 72. Suppose -2*u - 4 = -k. Suppose -u*x - 216 = -0*o - 4*o, 2*o = -3*x + 128. Calculate the remainder when o is divided by 12.
10
Suppose 0 = -15*f + 47 - 2. Calculate the remainder when 11 is divided by f - (-2 - -2)/(-3).
2
Let z be ((-6)/(-4))/(14/140). Let w = z + -10. Suppose o = -g + 10, 0*o - 3*o - 5*g + 32 = 0. What is the remainder when o is divided by w?
4
Suppose -12 - 3 = -5*y. Suppose -y + 1 = t. What is the remainder when 31 is divided by t/5 + (-87)/(-5)?
14
Let k(b) = 25*b**2 - 2*b. Let n be k(-1). Let f = n + -23. What is the remainder when 13 is divided by f?
1
Let y(k) = 8*k - 24. Let i be y(12). Let q be (126/49)/((-1)/(-7)). Suppose w + q = t, 4*t - w + 2*w - i = 0. What is the remainder when 34 is divided by t?
16
Let z(y) = 78*y + 1. Let m be z(-1). What is the remainder when 108 is divided by ((-44)/m)/(2/49)?
10
Suppose -3*t + 5 = i, 5*i - 17 - 8 = 2*t. Let z be (-4)/(4/1) - -4. Suppose -35 = -2*x - z*x. What is the remainder when x is divided by i?
2
Let r(z) = 38*z - 41. Calculate the remainder when r(4) is divided by 23.
19
Suppose 2*g = 4*t + 6*g + 64, g = -2*t - 28. Let f = 1 - t. Suppose 5*y - 4*y = f. Calculate the remainder when y is divided by 8.
5
Suppose -2*a + 3*l + 39 = -2, -2*l + 58 = 4*a. Suppose 3*h - 239 = 2*v, -1 = -0*v + v. Calculate the remainder when h is divided by a.
15
Let o = -1243 - -1280. What is the remainder when 47 is divided by o?
10
Let f(j) = 2*j**3 - 2*j**2 - j + 1. Suppose 2*p + 164 = 4*z - 494, 0 = 5*z + 3*p - 828. What is the remainder when 2/(4/(-22))*z/(-55) is divided by f(2)?
5
Let r(q) be the third derivative of q**4/24 - 7*q**3/6 + 3*q**2. Let y = -32 - -39. What is the remainder when y is divided by r(9)?
1
Let l = 18 - 30. Let i(s) = 6*s - 17. Let z be i(-2). Let w = l - z. Calculate the remainder when w is divided by 10.
7
Suppose 0 = -3*y - 110*u + 111*u + 7337, u - 12223 = -5*y. Calculate the remainder when y is divided by 48.
45
Suppose -2*a = -2*a + 4*a. Let u(l) = -l**3 + l**2 + l + 14. What is the remainder when 27 is divided by u(a)?
13
Suppose 9*r = 4*r + 120. Calculate the remainder when 89 is divided by r.
17
Let k(t) = -10*t - 342. Suppose 0 = -6*c + 2*c + 140. Calculate the remainder when c is divided by k(-36).
17
Let y(p) = p**2 + p - 2. Let r be y(4). Calculate the remainder when 63 is divided by 1 + 2 + (r - -1).
19
Let a = -4 - -6. Suppose h = 3*r - 134 + 29, -4*r + 138 = -a*h. What is the remainder when 4 is divided by (r/63)/(2/7)?
0
Let j(n) = 91*n - 30*n + 40 - 30*n - 33*n. Suppose -17 = -0*l - l. Calculate the remainder when l is divided by j(15).
7
Let c = 258 - 255. Suppose 4*q - 32 = -4*b, -5*b = 3*q - 13 - 7. Calculate the remainder when q is divided by c.
1
Suppose 0 = 8*s - 20*s + 768. Calculate the remainder when s is divided by 26.
12
Let m = 68 + -58. Suppose k + 0*k = m. What is the remainder when 25 is divided by k?
5
Suppose 2*l = -0*l + 62. Suppose 0 = 7*p - 679 + 252. What is the remainder when p is divided by l?
30
Let j be (-6)/(-9)*(-27)/(-6). Let b(k) = k**3 - 24*k**2 + 3*k - 51. Let t be b(24). Let l = t - j. Calculate the remainder when l is divided by 7.
4
Suppose 0 = -d + 4*q - 3*q - 1, 5*q + 40 = -4*d. Let p(n) = -n**3 - 5*n**2 - n - 2. Let r be p(d). Calculate the remainder when 43 is divided by r/12 - (-91)/4.
20
Suppose 3*j - 9 = 0, 5*q - 3*q + 2*j = 106. Suppose 3*x = q + 16. Calculate the remainder when 2/(-15) + (-1277)/(-15) is divided by x.
19
Let t be (12 - 8) + 0 + 1. Suppose d = t*l + 75, -3*d - d - 5*l = -300. What is the remainder when d is divided by 20?
15
Let h be (-6)/33 + 392/(-22). Calculate the remainder when 49 is divided by (-1748)/(-171) - (-4)/h.
9
Let f(r) = 76*r**2 - r + 2. Let x be (6/(-4))/((-1)/(-4)). Let c be (-60)/(-42) + x/14. What is the remainder when f(c) is divided by 27?
23
Suppose 38*z - 408 - 10 = 0. Calculate the remainder when 239 is divided by z.
8
Suppose 151 = 3*x - 2*n, -3*x + 179 = 6*n - n. What is the remainder when x is divided by 6?
5
Suppose -9*i + 278 = -1. Calculate the remainder when 121 is divided by i.
28
Let k(f) = -5*f**2 - 6*f - 3. Let s be k(-2). Let d(w) = -w + 5. What is the remainder when 61 is divided by d(s)?
13
Suppose -1398 = 9*d - 2235. Let z = 58 - 34. Calculate the remainder when d is divided by z.
21
Suppose 2*b + 4*d + 16 = 3*b, -65 = -5*b + 5*d. What is the remainder when 155 is divided by b?
11
Let y be 2/4 - (-15)/2*1. Suppose y*r = 5*r + 105. What is the remainder when r is divided by 12?
11
Let b(f) = -20*f - 12. Suppose 22*u - u = -105. Calculate the remainder when b(u) is divided by 10.
8
Let q = 567 - 482. What is the remainder when 763 is divided by q?
83
Suppose -4*m = 2*f - 384, 3*m + 2*f = 268 + 19. Let a = 29 + 22. Let w = m - a. Calculate the remainder when w is divided by 12.
10
Suppose -69*g + 19942 = -482. Calculate the remainder when g is divided by 71.
12
Let v(m) = -2*m**2 + 35*m - 18. Let a be v(17). What is the remainder when (-6)/(-3) + 126 - (a + 2) is divided by 64?
63
Let h = 225 + -27. Calculate the remainder when h is divided by 41.
34
Let k(z) = 3*z**2 - z - 7. Suppose -2*h - 2*h = 12. What is the remainder when 137 is divided by k(h)?
22
Suppose -5*d - 19*d = -4920. What is the remainder when d is divided by 55?
40
Suppose 0 = 5*c - 259 + 649. Calculate the remainder when (4 + 9/(-2))*c is divided by 10.
9
Suppose 3*n - 896 = 139. What is the remainder when n is divided by 12?
9
Let x be 89 - 3 - (-8)/2. Let w = 157 - x. Calculate the remainder when w is divided by 7.
4
Suppose -5*r + 108 = x - 8*r, 4*r = -x + 129. What is the remainder when 467 is divided by x?
116
Suppose -12 = -0*l + 3*l. Let f be (-2)/l*10 - 1. Suppose -f*h = -w - 56 - 84, w - 40 = -h. Calculate the remainder when h is divided by 13.
10
Suppose 0 = -9*a - 23*a + 192. What is the remainder when 24 is divided by a?
0
Let x = 254 - 243. What is the remainder when 18 is divided by x?
7
Let z be -1*6 - (-6)/(-18)*-9. Let n(m) = -m**3 - m**2 + 3*m + 6. Calculate the remainder when n(z) is divided by 5.
0
Suppose 2*l - 28 = 2*q, -6*q = l - 2*q + 1. Let y = -261 + 86. What is the remainder when 109/6 + y/(-30) + -6 is divided by l?
7
C